= y - -685. What is the tens digit of f?
7
Let a(x) = -3*x**3 - 5*x**2 + 19*x - 185. What is the thousands digit of a(-12)?
4
Suppose 208*n = 213*n - 15. Suppose -8 = 6*r - 8*r + 5*q, -6 = -r + n*q. What is the tens digit of 102/(-18)*2/(4/r)?
1
Let f(w) = 107*w**2 - 479*w + 3343. What is the tens digit of f(7)?
3
Let a(u) = 380*u - 46. Let c be a(-2). Let r = 1571 + c. What is the units digit of r?
5
Let c(n) = -n. Suppose 15*j + 16 = 11*j. Let m be c(j). Suppose -m*f = -3*t - 2*f + 198, 5*t + 2*f - 314 = 0. What is the tens digit of t?
6
Let n = 398 + 6984. What is the hundreds digit of n?
3
Suppose 71*w - v = 69*w + 1297, v + 3244 = 5*w. What is the hundreds digit of w?
6
Let o be (-5 + 3)*21/(-3). Let s be (-4)/o + (-62)/(-28)*6. Let v = s - 4. What is the units digit of v?
9
Suppose 16*w - 6 = -54. What is the tens digit of 159 - (4 - (-18)/w)?
6
Let p(h) = 2*h + 24. Suppose 0 = 54*g - 57*g + 18. What is the units digit of p(g)?
6
Let b be ((-11)/(-2) - 2)*16. Suppose 0 = 54*s - b*s + 4. Suppose -4*t - 285 = -6*t - 5*r, 293 = s*t - 3*r. What is the hundreds digit of t?
1
Let r(f) = -423*f + 54. Let y be r(4). Let p = -454 - y. What is the hundreds digit of p?
1
Let t(g) = -14*g**2 - 13*g**3 + 63 + 11*g**3 - 3 + 0 + 18*g. What is the thousands digit of t(-12)?
1
Let c be -1 - ((-18)/(-2) - 0). Suppose -103 + 161 = -58*f. What is the tens digit of (-1135)/c + 1 + f/2?
1
What is the hundreds digit of 8/34*2/4 + 404928192/10778?
5
Let b(g) = -5*g + 89. Let p be b(18). What is the units digit of ((-16)/6 - -3)*(3184 + p)?
1
Let b = -4 + 6. Suppose 2*r + b*x = -0*x + 76, 5*r = 4*x + 208. What is the tens digit of ((-700)/r)/((-2)/12)?
0
Let w = 49962 - 46711. What is the thousands digit of w?
3
Suppose 5*b - 71 = -2*c + 177, -b + 68 = 5*c. Let p be 5*(-2 - b/(-20)). What is the tens digit of (88 - (3 - p)) + 0?
8
What is the hundreds digit of 17277 - (868/140 - (-12)/15)?
2
Let r(b) = 13*b + 40. Let j be r(-3). What is the hundreds digit of ((759/(-6))/(-11))/(j/74)?
8
Suppose -3*b - 33 = -48. Suppose -b*g - s = -1480, 0 = -g - s + 39 + 261. What is the hundreds digit of g?
2
Let l(x) = x**2 + 1. Let j be l(-3). Suppose 26*t = j*t + 5488. What is the units digit of t?
3
Let m be (-2730)/(-110) + (-2)/(-11). Suppose 146 + m = n. What is the hundreds digit of n?
1
Suppose -b + 2*f = -6*b - 24, -5*b + 2*f = 36. Let s be (-2)/(-6) + ((-32)/b)/8. What is the hundreds digit of (-10)/35*s + 1465/7?
2
Let c(j) = 516*j + 482. What is the hundreds digit of c(14)?
7
Suppose 5*x - 4205 = -2*n, 3*x - 4*n - 3798 = -1301. Suppose -2*u = -3*h - x, 863 = u + u + 5*h. What is the tens digit of u?
2
Suppose -f - 9 = -3. Let w be 300/f*2/5. What is the tens digit of 8/w + 384/10?
3
What is the tens digit of (2 + -8)*3296*7/(-56)*4?
8
Let k = 5535 - 996. What is the tens digit of k?
3
Let l = -162 - -169. Suppose -5*j = 5*r - 325, 0 = -2*r - l*j + 4*j + 135. What is the tens digit of r?
6
Let t(p) = 129*p + 10. Let h be t(2). Let r = 72 + 102. Let i = h - r. What is the tens digit of i?
9
Let t = 495 - -39. Suppose -t = -5*w + 436. What is the tens digit of w?
9
Suppose 0 = 3*n + 3*h - 47787, 0 = -3*n - 2*h + 26548 + 21243. What is the tens digit of n?
3
Suppose 3*x = -2*u - 10 + 37, -u - 2*x + 14 = 0. Suppose 7*g - u*g - n = -1771, g - 349 = 5*n. What is the hundreds digit of g?
3
Let t = -445 - -446. Let b(r) = 15*r**2 - 25*r + 24. What is the tens digit of b(t)?
1
Let d(f) = 2*f**2 + 15*f - 715. What is the tens digit of d(24)?
9
Let y be 206 - ((-112)/(-21) - 1/3). Let q = 395 - y. What is the tens digit of q?
9
Let q(n) be the second derivative of n**4/12 - 3*n**3/2 - 15*n**2 - 108*n. Suppose -11 = g + x, -3*g = -0*g - 2*x + 18. What is the tens digit of q(g)?
0
Let b(d) = 140*d - 100. Let y(s) be the first derivative of 23*s**2 - 33*s - 45. Let v(n) = 2*b(n) - 7*y(n). What is the units digit of v(-4)?
9
Suppose -2*h - 109*t + 104708 = -114*t, 2*h + 5*t = 104628. What is the units digit of h?
4
Let c = 153770 + -90528. What is the units digit of c?
2
Let f = -35 - -40. Suppose 46 = -f*y - 29. Let o = y + 44. What is the units digit of o?
9
Let j(a) = -a**3 - a**2 - 2*a - 51. Let q be j(0). Let w = -94 - q. Let h = w + 104. What is the tens digit of h?
6
Let j(q) = -4*q**2 + 2 + 41670*q - 41670*q + 7*q**3. What is the tens digit of j(3)?
5
What is the tens digit of (4/(-3))/((20/536985)/(8/(-24)))?
3
Suppose -25*l + 7720 = -17*l. Let o = l + -486. What is the hundreds digit of o?
4
Suppose 2*m - 27 = -l, l - 126 = -3*l - 2*m. Suppose 31 = q + l. Let n(u) = 10*u**2 + 4*u + 1. What is the tens digit of n(q)?
3
What is the thousands digit of ((-41419)/2 - 2)/((736/(-64))/23)?
1
Let v(c) = c + 13. Let k be v(-11). Suppose -25 = -k*r - 3*r. Suppose 0 = -3*o - 4*n + r*n + 76, -4*o - 4*n = -112. What is the units digit of o?
6
Let r(c) = 125*c**2 - 36*c - 27. What is the hundreds digit of r(-7)?
3
What is the hundreds digit of ((31776/30)/2)/((-4)/(-50))?
6
Let s(g) be the first derivative of g**6/180 + g**5/10 - g**4/3 + 5*g**3/3 + 11. Let n(i) be the third derivative of s(i). What is the units digit of n(-7)?
6
Let d be (-9)/(-4)*4/3. Suppose 3*z - 1515 = 5*n, d*z = 8*z + 5*n - 2485. What is the hundreds digit of z?
5
Let u be (11/(110/6))/(1/(-5)). Let q(m) = -86*m + 45. What is the units digit of q(u)?
3
What is the ten thousands digit of (261 - (-6)/2)*1950/45?
1
Suppose 10*v + 245 = 3*v. Let p = 38 + v. Suppose -5*u + 537 = -0*u + 3*d, 3 = -p*d. What is the tens digit of u?
0
Let r be -3 - (5 + -4) - (1 + -14). Suppose r*w - 17069 = -4*w. What is the thousands digit of w?
1
Suppose 8*x = 10738 + 1526. Suppose x = 9*r - 2967. What is the units digit of r?
0
Suppose -5*m = -4*f - 2*m + 1584, 0 = m. Suppose 5*w + c = 2181, c - 911 = -3*w + f. What is the tens digit of w?
3
Let b = 1999 - -37. What is the hundreds digit of b?
0
Let c be (64/(-3))/(-1 - 1/(-3)). Suppose 36 = 36*k - c*k. What is the units digit of (-693)/12*1/(k/(-24))?
4
Let k = 22635 + -8445. What is the hundreds digit of k?
1
Let q = 3 - -2. Suppose -6*s = -q*s + 6*s. Suppose 0 = -4*p + 20, 2*x - 7*x - p + 980 = s. What is the hundreds digit of x?
1
Let k be (-1 - 4)/5 - -6. Suppose -3*d + 33 = -2*j + 5*j, 0 = -5*j + k. What is the units digit of (d/(-15))/((-8)/972)?
1
Let y be 4/((-16)/(-12) + 0). Suppose -5*n + 1678 = -y*s, 0 = -4*n + s + 2*s + 1340. What is the units digit of n?
8
Let p(x) = 827*x**2 - 195*x + 384. What is the units digit of p(2)?
2
Suppose 0 = 2*q - 2*g - 25608, 10*g - 12*g = -4*q + 51222. What is the hundreds digit of q?
8
Suppose 2*m - 498 = 78. Let g be m + -3 + (2 - -1). Suppose 0*i = 4*i + 2*h - 384, 0 = 3*i + 2*h - g. What is the units digit of i?
6
Suppose -3209735 = -120*r + 5771425. What is the thousands digit of r?
4
Suppose -2*v = -2*k + 3922, 3*k - 2*v - 5918 = -6*v. Suppose m = 2*f - 1315, 3*f + 5*m = -0*m + k. What is the tens digit of f?
5
Let z = -2033 + 4633. What is the tens digit of z?
0
What is the units digit of (-4153*1/5)/((-6)/(161 - 11))?
5
Let i = -5463 + 26927. What is the ten thousands digit of i?
2
Suppose 8 = 2*s, h + 18 = -2*s + 7*s. Suppose 2*o + h*u = 0, 4*u + 16 + 0 = 4*o. What is the hundreds digit of o/4 + ((-1084)/(-8) - 4)?
1
Let y(g) = 17*g**2 - 36*g + 25. Suppose -3*p = -4*q - 18, 4*p + 0*p - 2*q = 24. What is the tens digit of y(p)?
2
Let o(r) = -r**3 + 6*r**2 + 11*r + 4. Let l = -46 - -54. Let x be o(l). What is the tens digit of ((-117)/26)/(2/x)?
8
What is the units digit of 5/3 - 79480/(-12)?
5
Suppose -h = -2*d + 3*h + 32220, 4*h - 32236 = -2*d. What is the units digit of d?
4
Suppose 3*f + 0*n - 5*n - 74 = 0, n = f - 28. What is the units digit of f?
3
Suppose -3*x + 0 = 5*l + 2, 4*x = -16. Let k be l/7 + 11880/(-77). What is the tens digit of ((-6)/4)/3*k?
7
Let p = 39 + -27. Suppose 41*f - p*f = 2552. What is the tens digit of f?
8
Let j(a) = 68*a - 2061. What is the tens digit of j(72)?
3
Suppose -58 = -4*t - 3*z, -2*z = 5*t - 37 - 39. Let i be (24/t)/((-6)/(-8)). Suppose -2*g - i*g = -3*l + 194, 0 = l + g - 60. What is the units digit of l?
2
Let j = -320 + 877. Let g = 1088 - j. What is the units digit of g?
1
Let r = -5162 + 9650. What is the units digit of r?
8
Let v(y) = 109*y**2 - 61*y + 1103. What is the ten thousan